 = -406 + 241. Let u = -7 - l. Calculate the remainder when u is divided by 55.
48
Suppose 0 = 2*p + 6, 2*p - 4333 = -2*y + 415. What is the remainder when y is divided by 7?
4
Let y(n) = 10*n**2 + 16*n + 28. Suppose -4*b = 27 - 19. What is the remainder when 143 is divided by y(b)?
35
Let u = -20 - -32. What is the remainder when (-6 + (27 - 20))*(0 + 22) is divided by u?
10
Suppose 0 = 12*w - 10*w - 94. Suppose -m + r + 38 = 0, 2*m - w = -2*r + 33. Suppose m = -20*t + 23*t. Calculate the remainder when 100 is divided by t.
9
Let i = 3842 + -1841. Calculate the remainder when (-8)/28 + i/21 is divided by 3/((-30)/25*1/(-10)).
20
What is the remainder when 186*(560/30 - 17) is divided by 73?
18
Suppose -5*y = -m + 39, -3*m - y = -0*y - 37. Let k = -14 + m. Suppose -4*x - 7*x + 242 = k. What is the remainder when 64 is divided by x?
20
Suppose -135 = -3*n - 6*n. Let m = 27 - n. Suppose 296 = 3*v + 86. Calculate the remainder when v is divided by m.
10
Suppose -14*s + 19381 + 7426 = -17853. Calculate the remainder when s is divided by 1592.
6
Let t(x) = x**3 - 13*x**2 + 5*x - 222. What is the remainder when 876 is divided by t(14)?
40
Let d(y) = 3*y**2 - 85*y - 6. Let z be d(28). What is the remainder when 73 is divided by (z/(-17))/((-1)/(-5))?
3
Suppose 10*r - 115*r = -1155. Calculate the remainder when 786 is divided by r.
5
Suppose 2473 - 6913 = -37*x. Suppose 30*j + x = 40*j. Calculate the remainder when j is divided by 1*10 - (3 - 2).
3
Calculate the remainder when 400 is divided by (-95 - -96)/((-2)/(-28 + 2))*13.
62
Let a be (30/(-4))/(87/30 - 3). Let j be (-2)/(-6) - (-88)/24. Calculate the remainder when (90/a)/(j/230) is divided by 14.
13
Let x = 7 + 10. Suppose 2*q - 93 + x = 0. Let b = -42 - -52. What is the remainder when q is divided by b?
8
Let c(s) = -3*s**2 + 11*s - 3. Let h be c(7). Suppose 5*n - 2*n = 243. Let p = h + n. Calculate the remainder when 15 is divided by p.
7
Let r(q) = 7*q**2 + 63*q + 411. Calculate the remainder when r(-7) is divided by 95.
28
Let s(h) = -18*h + 12. Calculate the remainder when 80 is divided by s(-3).
14
Let h(n) = -n**3 - 33*n**2 - 42*n - 260. What is the remainder when 4042/34 + 24/204 is divided by h(-32)?
59
Suppose o + 2*o + 15 = 0. Let f = 58134 - 58098. What is the remainder when (-353)/o - 2/(-5) is divided by f?
35
Let u = 254 - 140. What is the remainder when 1708 is divided by u?
112
Suppose 3 = r - 5*p, -5*r = -2*p - 36 - 2. Suppose r*s - 538 = 22. What is the remainder when 34 is divided by (-5)/(s/24)*(-63)/6?
16
Let b = 181 + -118. Suppose -g + 13 = 5*a, -2*g = -2*a + 16 - 78. Calculate the remainder when b is divided by g.
7
Suppose 18 = -3*p + 3*x, -2*p - 6 = -2*x + 3*x. Let v be 34/p + 1/2. Calculate the remainder when 70 is divided by (-20)/(-2) - (v + 6).
10
Suppose 0 = -59*f + 5483 + 9305 + 24211. Calculate the remainder when f is divided by 15.
1
Suppose -562 = -7*i + 1209. What is the remainder when i is divided by 10?
3
Let c(f) = -f**3 + 50*f**2 - 51*f + 204. What is the remainder when c(49) is divided by 17?
4
Let g(a) = 19*a + 56. Let k be g(3). Let l = k - 102. Calculate the remainder when 43 is divided by l.
10
Suppose 51*i + 247 = 3001. Calculate the remainder when i is divided by 20 + 4 + -4 + -4.
6
Suppose 4*r - 2*z + z = -444, 0 = -3*r + 3*z - 333. Let i = 131 + r. What is the remainder when i is divided by 6?
2
Let i = -3816 - -4700. Calculate the remainder when 1775 is divided by i.
7
Let h(b) = 4*b - 15. Let y be h(8). Suppose 0 = r - 21 + y. Suppose -r*u + 331 = -u - 5*d, -3*u - 5*d + 281 = 0. What is the remainder when u is divided by 35?
32
Suppose 2*w = 4*r + 1262, -29*w + r = -28*w - 623. Calculate the remainder when w is divided by 201.
12
Let t(o) = o**3 + 3*o**2 - 9*o - 4. Let a = -1 - 4. Let m be t(a). What is the remainder when 50 is divided by (-34)/(-6)*m/(-6)*2?
16
Let r = 23 - 2. What is the remainder when r is divided by (-27 + 30/5)*(-3)/9?
0
Let j = -200 + 298. Suppose -2*c + j = -0. Let v = -463 + 481. Calculate the remainder when c is divided by v.
13
Let r(l) = -9*l**3 - l**2 + l + 1. Let j be r(-2). Suppose 11*h - 1944 = -7*h. Let c = h - j. Calculate the remainder when c is divided by 11.
8
Suppose 10*c - 47*c + 15851 = -4721. What is the remainder when c is divided by 166?
58
Let f(o) = o**3 - 17*o**2 + 14*o - 121. Calculate the remainder when 121 is divided by f(17).
4
What is the remainder when 125 is divided by 1062/18 - (-50)/(5 - 10)?
27
Suppose -54 = 15*w - 17*w. Let v(j) be the second derivative of j**4/12 + j**3/3 - 15*j**2/2 - 10*j. What is the remainder when v(10) is divided by w?
24
Suppose -54*n = -56*n + 402. What is the remainder when n is divided by 11?
3
Let j = 8674 - 8255. What is the remainder when j is divided by 109?
92
Let s be (596/10)/((-4)/(-10)). Suppose s*m = 143*m + 2532. What is the remainder when m is divided by 71?
67
Let i(d) = 3*d. Let y be i(1). Suppose -4*j + 2*f = -358, 353 = j + 3*j + y*f. Let r = -72 + j. Calculate the remainder when r is divided by 6.
5
Let m(a) = -8*a**3 - 4*a**2 + 4*a + 18. Let z be m(-8). What is the remainder when ((-35)/42)/(-5) - z/(-12) is divided by 23?
20
Suppose -4*u + 3*h + 914 = 0, -u + 235 = 4*h - 8*h. What is the remainder when 470 is divided by u?
16
Let s(x) = -4*x - 10. Let t be s(-4). Suppose -t*f = -52 - 362. Let b = 113 - f. What is the remainder when 130 is divided by b?
42
Suppose 41*n = 53*n - 38988. Calculate the remainder when n is divided by 65.
64
Let r(m) = -18*m**2 + 633*m + 17. What is the remainder when 135 is divided by r(35)?
13
Let j = 3427 + -3096. Calculate the remainder when j is divided by 16.
11
Let i be 38/((-33)/(-27) - 1). Let n = 196 - i. What is the remainder when 96 is divided by n?
21
Let j be 12/8 + (-2)/(-4). Suppose -f - 44 = -4*g - 3*f, 7*g = -5*f + 56. Calculate the remainder when g is divided by j/1 + (-16)/(-2).
8
Suppose 3 - 7 = -a, 0 = -5*t + 2*a + 2362. Suppose 0 = 6*c - t + 150. What is the remainder when c is divided by 16?
6
Suppose 57*f = -3*x + 61*f + 283, 0 = -2*x + 11*f + 122. What is the remainder when 274 is divided by x?
64
Let c be (8487/46)/((-9)/12). Let y = -197 - c. What is the remainder when 106 is divided by y?
8
Suppose s + 24 = 4*q + 2, 3*s + 11 = q. Suppose 9 = g + x - 5, -2 = g + q*x. What is the remainder when 71 is divided by g?
17
What is the remainder when -10 + 7891 + (11 - 26) - (-4 + -2) is divided by 22?
18
Let r be 16/12*((-30)/(-5))/1. Suppose 0 = -4*c - r, 5*c - 21 = -l + 8*c. Let i(p) = -p**3 + p**2 + 3*p. Calculate the remainder when i(-3) is divided by l.
12
Suppose 5*u - 42 = -2*h + 4*h, 44 = 5*u - 4*h. Suppose -u*o - 169 = -2113. Calculate the remainder when o is divided by 7.
5
Suppose -3*s + 2044 - 697 = 0. Calculate the remainder when s is divided by ((-1128)/(-72) - 17)*270/(-4).
89
Let d(f) = f**3 + 8*f**2 + 7*f - 1. Let r be d(-7). Let a be 4/6*(-2 + r). Calculate the remainder when 20 is divided by 264/(-16)*a/3.
9
What is the remainder when (1032/(-8))/((-21)/315) is divided by 16?
15
Let t(u) = -4*u**2 + 2 - 3*u + 1 + 3*u**2. Let v(z) = z**3 - 29*z**2 + 122*z - 47. Calculate the remainder when t(-3) is divided by v(24).
0
Suppose 212*u - 222*u = -19620. Suppose 28*w = 34*w - u. Calculate the remainder when w is divided by 37.
31
Suppose -160*q = -552*q + 42336. Calculate the remainder when q is divided by 13.
4
Suppose 4*d + 2*v - 2060 = 6*d, 2*v = d + 1032. Let p = -1017 - d. Let b(x) = -26*x - 3. What is the remainder when b(-3) is divided by p?
9
Suppose -186*q + 141 = -185*q. Suppose 0 = v + 85 - 134. What is the remainder when q is divided by v?
43
Let h = -85 - 115. Let y = 214 + h. What is the remainder when 83 is divided by y?
13
Let p(a) = 3*a**3 + 18*a**2 - 14*a - 73. Calculate the remainder when -2*74/4*-1 is divided by p(-6).
4
Let a(d) = 21*d - 160. Let i be a(10). Suppose -b + 4*m - i = -497, -m - 1385 = -3*b. Calculate the remainder when b is divided by 29.
28
Let k = 89 + -87. Suppose -k*u + 59 + 27 = 0. Let q(w) = 7*w**3 + 2*w**2 + w - 2. Calculate the remainder when u is divided by q(1).
3
Calculate the remainder when 251*(1 - 0/6) is divided by ((-18)/5 - -4) + (-3498)/(-55).
59
Suppose -2*q + 15 = -5*n + 177, -3*q = 2*n - 80. Calculate the remainder when 957